ime?
True
Is 2521050703 composite?
False
Is 10919708701 prime?
False
Is 25174537303 a prime number?
True
Is 9761880659 a prime number?
True
Is 9596726135 composite?
True
Is 660782119 a prime number?
True
Is 2735824321 composite?
True
Is 32944195771 a composite number?
False
Is 20250783149 composite?
False
Is 10453865221 composite?
True
Is 401455091233 composite?
True
Is 102303319 prime?
False
Is 1653134827 a prime number?
True
Is 970430711 composite?
False
Is 1076219731 composite?
True
Is 728629189 composite?
False
Is 427570237 a prime number?
False
Is 3022864951 composite?
False
Is 28059394841 a prime number?
True
Is 73190056457 composite?
True
Is 332349157357 a composite number?
True
Is 5943073013 a composite number?
False
Is 376619123 prime?
True
Is 1825455943 a prime number?
True
Is 11116966489 prime?
True
Is 8606521373 a composite number?
False
Is 166800282539 a prime number?
False
Is 3176223163 prime?
True
Is 948361279 composite?
False
Is 2751424883 prime?
True
Is 408399413 a prime number?
True
Is 1013259139 composite?
True
Is 79979867281 a prime number?
False
Is 79668913391 composite?
False
Is 51608118371 prime?
True
Is 57493159 a composite number?
False
Is 615890582 composite?
True
Is 2797644101 composite?
True
Is 6195498215 a composite number?
True
Is 7971356453 a prime number?
True
Is 343338691 prime?
False
Is 5054393189 composite?
True
Is 14692813021 prime?
False
Is 2005065653 composite?
True
Is 1498370957 prime?
False
Is 1410616353 prime?
False
Is 534964407 a composite number?
True
Is 10105183819 prime?
False
Is 432920753 a prime number?
True
Is 26074413427 composite?
True
Is 2692068541 a prime number?
False
Is 56236543113 a composite number?
True
Is 348944611 a composite number?
False
Is 28363467467 composite?
True
Is 4420368129 composite?
True
Is 52875364261 composite?
False
Is 10130922107 a composite number?
True
Is 15034093647 a prime number?
False
Is 1130949607 a composite number?
False
Is 123261101749 a composite number?
True
Is 362623201 a composite number?
True
Is 194120153 prime?
False
Is 982485347 a prime number?
False
Is 632218979 a prime number?
False
Is 190122767 prime?
True
Is 8034114187 a prime number?
False
Is 15186059059 a prime number?
True
Is 2208489163 prime?
False
Is 43509223265 prime?
False
Is 6112530487 prime?
False
Is 15834218009 a prime number?
True
Is 140348579 prime?
False
Is 6001710187 composite?
True
Is 32772689 prime?
False
Is 1036362889 composite?
True
Is 88050133 composite?
False
Is 1307019349 composite?
False
Is 6218359877 a prime number?
False
Is 18050356699 prime?
True
Is 628218887 composite?
True
Is 10603343767 a prime number?
False
Is 12033261403 composite?
False
Is 12808158119 composite?
True
Is 6270821251 a composite number?
False
Is 172800929 a prime number?
False
Is 93301032029 prime?
True
Is 8009822173 prime?
True
Is 79365651347 a prime number?
True
Is 9132410431 prime?
True
Is 261852113 a composite number?
False
Is 10572573757 prime?
False
Is 4845012803 a prime number?
False
Is 51939671093 a prime number?
True
Is 890074333 prime?
True
Is 758065577 a composite number?
False
Is 1089486449 composite?
True
Is 5662379 a composite number?
True
Is 67571810233 prime?
True
Is 3907384511 prime?
True
Is 1356567881 prime?
True
Is 19099841639 a composite number?
False
Is 5162672765 a composite number?
True
Is 1918987169 prime?
False
Is 1117022273 a composite number?
False
Is 2793802099 composite?
True
Is 359189843 a prime number?
True
Is 10726299257 prime?
False
Is 140674309363 a composite number?
True
Is 1975627877 prime?
True
Is 19031702667 a composite number?
True
Is 2266975707 a composite number?
True
Is 95792030977 a composite number?
False
Is 2072753269 composite?
True
Is 1130392129 composite?
True
Is 850653877 composite?
True
Is 1634684167 prime?
False
Is 20949847081 a prime number?
False
Is 463884427 a composite number?
True
Is 9086348813 composite?
False
Is 45947663693 a composite number?
False
Is 2799539623 a composite number?
False
Is 4417478531 composite?
False
Is 2247661007 prime?
True
Is 13571327047 composite?
True
Is 5633821213 a composite number?
True
Is 75028952309 composite?
True
Is 9183583411 prime?
True
Is 5345994127 a composite number?
True
Is 300036162739 a prime number?
True
Is 357929189 prime?
True
Is 20838654817 a composite number?
False
Is 4098179809 composite?
False
Is 1721717071 a composite number?
False
Is 1249547371 prime?
False
Is 109513601 a composite number?
True
Is 132453859917 a composite number?
True
Is 1209482189 a prime number?
True
Is 2937457087 prime?
True
Is 310067339 a composite number?
True
Is 964822514 composite?
True
Is 169890217 a composite number?
True
Is 1992735241 a composite number?
True
Is 105828497 a prime number?
False
Is 10984352339 composite?
False
Is 268110277 prime?
True
Is 114871633 a prime number?
False
Is 30663573329 a prime number?
False
Is 21791049151 prime?
True
Is 115495496711 prime?
False
Is 1052300591 a composite number?
True
Is 3172175827 composite?
False
Is 23111233 a prime number?
False
Is 895996693 prime?
True
Is 4681665427 prime?
False
Is 1086721291 prime?
False
Is 29942677 prime?
False
Is 369806929 prime?
True
Is 5924279651 prime?
True
Is 34463281 a composite number?
True
Is 267789080149 prime?
True
Is 2911233245 prime?
False
Is 29465623013 composite?
False
Is 246944963 a composite number?
True
Is 3023372221 prime?
True
Is 342783761 composite?
False
Is 953307689 a prime number?
False
Is 165757663 a composite number?
True
Is 97547519099 composite?
True
Is 677452991 composite?
False
Is 2783805469 prime?
True
Is 2948791669 composite?
False
Is 9368412829 a prime number?
False
Is 13233918473 a composite number?
True
Is 14213627489 a composite number?
False
Is 209653221914 prime?
False
Is 123370067 a composite number?
True
Is 114696101957 a composite number?
True
Is 180500999 a composite number?
True
Is 3633958687 composite?
False
Is 19563941143 composite?
True
Is 13008840889 composite?
True
Is 81703189 a composite number?
True
Is 279848141 a composite number?
True
Is 437262173 a prime number?
True
Is 47317781723 a prime number?
True
Is 3895330993 composite?
True
Is 12826728281 prime?
True
Is 6125512159 a prime number?
False
Is 590671751 a prime number?
True
Is 2677352669 a prime number?
True
Is 108038687 a composite number?
True
Is 42890599 composite?
True
Is 32308106989 prime?
True
Is 60862212751 a composite number?
True
Is 149011400498 a composite number?
True
Is 72294785977 prime?
True
Is 492257973 a composite number?
True
Is 73565245631 a prime number?
True
Is 63919403059 composite?
False
Is 209388031 a prime number?
False
Is 11960875609 a composite number?
False
Is 44746946819 composite?
False
Is 716298923 a composite number?
True
Is 446091823 prime?
False
Is 1884074779 a composite number?
False
Is 84003203 composite?
False
Is 4059046291 a composite number?
True
Is 1298142507 a composite number?
True
Is 6633945971 prime?
False
Is 1294473283 prime?
False
Is 971839513 a composite number?
True
Is 32313299 a composite number?
True
Is 7204779607 prime?
True
Is 2659821431 a composite number?
False
Is 58944889493 a prime number?
False
Is 2949286933 a prime number?
True
Is 5590847771 prime?
True
Is 127634001847 a composite number?
True
Is 483614035 composite?
True
Is 869569331 composite?
False
Is 618068911 a composite number?
False
Is 572593447 composite?
False
Is 1194658313 a composite number?
False
Is 41923248571 composite?
False
Is 349666439 composite?
False
Is 4830992769 composite?
True
Is 8427875149 prime?
False
Is 8341536517 a prime number?
False
Is 69815284865 composite?
True
Is 716877683 a prime number?
True
Is 34244367181 composite?
True
Is 65004593 a prime number?
True
Is 401945849 composite?
True
Is 771561787 a prime number?
False
Is 3269937137 composite?
True
Is 2510760389 a prime number?
True
Is 38334981007 composite?
True
Is 2380080793 a prime number?
True
Is 1201444199 composite?
True
Is 3359007227 a composite number?
True
Is 1760132303 composite?
False
Is 56287093 composite?
True
Is 1586297567 prime?
False
Is 3260073911 prime?
False
Is 4736272669 a composite number?
True
Is 347332373 a composite number?
True
Is 323971260641 a composite number?
True
Is 11864415679 a prime number?
True
Is 2644418923 composite?
False
Is 6